 what is 4b5 + 4?
4b9
In base 4, what is 2311300 + -11?
2311223
In base 10, what is 0 - -12?
12
In base 13, what is -4 - 1a45?
-1a49
In base 7, what is 165 - 10?
155
In base 6, what is 5 - -214?
223
In base 14, what is 3 - b?
-8
In base 7, what is 0 + -266?
-266
In base 10, what is 25952 + -2?
25950
In base 4, what is -30222 - -3?
-30213
In base 8, what is -43 + 0?
-43
In base 14, what is 13 + -202?
-1cd
In base 10, what is -12 + -23?
-35
In base 11, what is -6 + -233?
-239
In base 3, what is 0 - 101022120?
-101022120
In base 16, what is 1 - 55?
-54
In base 6, what is -30 - -105?
35
In base 14, what is -3 - -c5d?
c5a
In base 5, what is -10 - 430?
-440
In base 10, what is -9 - -19?
10
In base 15, what is 5 - -32?
37
In base 9, what is -21 - -42?
21
In base 9, what is 1 + -386?
-385
In base 8, what is -4 - 62?
-66
In base 9, what is -71 + -4?
-75
In base 4, what is -113 - -2000?
1221
In base 4, what is -22 + 10?
-12
In base 4, what is 11 - -1?
12
In base 11, what is -34 + 295?
261
In base 6, what is 4 - 403?
-355
In base 7, what is -23 + 3?
-20
In base 15, what is e - 0?
e
In base 3, what is 1 + 212112?
212120
In base 15, what is -7e - 2?
-81
In base 9, what is 52 + -140?
-77
In base 9, what is 21 - -16?
37
In base 7, what is 0 - -351?
351
In base 12, what is -1675 - -4?
-1671
In base 2, what is -101 + -10001110001?
-10001110110
In base 11, what is 2513 + -4?
250a
In base 4, what is 1101 + 1?
1102
In base 3, what is -1 + 1120011?
1120010
In base 11, what is -5 - 20?
-25
In base 4, what is -3 - 13311?
-13320
In base 5, what is -13 - 1?
-14
In base 12, what is -8 - a7?
-b3
In base 9, what is 1 + 86?
87
In base 11, what is -28 + -549?
-576
In base 10, what is 5 + 66?
71
In base 11, what is 5 - -49?
53
In base 3, what is 2001110222 - 1?
2001110221
In base 2, what is 101000101 - 1000010?
100000011
In base 9, what is -1 + -102?
-103
In base 15, what is 3 - -c7?
ca
In base 15, what is -407 - -1?
-406
In base 12, what is -3 - -1714?
1711
In base 6, what is 4 + -21151?
-21143
In base 15, what is -b1 + e?
-a2
In base 12, what is 2 + -a60?
-a5a
In base 11, what is 31 - -10?
41
In base 4, what is 31 + 231310?
232001
In base 7, what is 1 - -561?
562
In base 11, what is 9 + -35?
-27
In base 11, what is -10 - 5?
-15
In base 8, what is 35 - 2?
33
In base 15, what is 101 - 4?
ec
In base 2, what is -111010 + 11?
-110111
In base 5, what is 2 - -1300?
1302
In base 15, what is 2e + 2?
31
In base 12, what is 3b1 + -4?
3a9
In base 13, what is 15 + 44a?
462
In base 4, what is 10 - -110031?
110101
In base 15, what is 63 - 4c?
16
In base 11, what is -1 + -2439?
-243a
In base 2, what is 11 - -111110?
1000001
In base 16, what is 1 - 8c0?
-8bf
In base 5, what is 1413 - 20?
1343
In base 6, what is 2 - -2003?
2005
In base 15, what is -91e - 3?
-922
In base 8, what is 4 - 757?
-753
In base 8, what is 4 - -4643?
4647
In base 3, what is 0 + 101112?
101112
In base 2, what is -11 + -1001000?
-1001011
In base 12, what is 30 + 15?
45
In base 9, what is 474 + 2?
476
In base 2, what is -101000010001 + -1101?
-101000011110
In base 8, what is -4 - 104?
-110
In base 5, what is -1 + -2314?
-2320
In base 9, what is 2 - -852?
854
In base 10, what is -12 + 5?
-7
In base 5, what is 33 + -2212?
-2124
In base 15, what is e + -1?
d
In base 16, what is -2 - 12?
-14
In base 13, what is 2bc6 + 4?
2bca
In base 10, what is -4 - -228?
224
In base 16, what is 24 + 2fb?
31f
In base 6, what is -4 - -1035?
1031
In base 5, what is -204 - 4?
-213
In base 2, what is -1011101 + 10110?
-1000111
In base 11, what is -4 - -599?
595
In base 16, what is -9f0 + 1?
-9ef
In base 5, what is -122043 - 4?
-122102
In base 3, what is -1000111 - 1012?
-1001200
In base 8, what is -313 - -4?
-307
In base 8, what is 34 + 5?
41
In base 15, what is -c + 1c?
10
In base 5, what is -12 + -320?
-332
In base 4, what is -30 - 0?
-30
In base 14, what is 31 + 6?
37
In base 10, what is 165 + -3?
162
In base 5, what is -11 - -104?
43
In base 6, what is 35 + -253?
-214
In base 3, what is 1002 + 10?
1012
In base 14, what is -574 - 2?
-576
In base 10, what is 5 - 124?
-119
In base 8, what is -3 - 203?
-206
In base 13, what is 3 - -1c9?
1cc
In base 7, what is 4 - 655?
-651
In base 9, what is -1233 - 4?
-1237
In base 10, what is 43141 - -3?
43144
In base 13, what is 3 - -819?
81c
In base 5, what is 14 - 10?
4
In base 3, what is 11 - -2102221?
2110002
In base 5, what is -4 - -1131?
1122
In base 2, what is -1 - -100?
11
In base 5, what is -434034 - -4?
-434030
In base 16, what is -c36 + 4?
-c32
In base 15, what is 4 + -203?
-1ee
In base 13, what is 21 - -1?
22
In base 9, what is 18 + -217?
-188
In base 4, what is 0 + -202?
-202
In base 13, what is 4 + 1a6?
1aa
In base 2, what is 11010100 + 101?
11011001
In base 11, what is 4 - 4a?
-46
In base 6, what is -355 - -5?
-350
In base 12, what is -80 - 0?
-80
In base 8, what is -5 + 6512?
6505
In base 9, what is 2 - -105?
107
In base 9, what is -856 + -2?
-858
In base 14, what is 2d5 - 1?
2d4
In base 5, what is 3 + 423?
431
In base 9, what is -217 - 17?
-235
In base 6, what is -24345 + -4?
-24353
In base 15, what is -905 + -3?
-908
In base 8, what is 4 - -1217?
1223
In base 2, what is 1010101 - 10101?
1000000
In base 4, what is 32001 - -11?
32012
In base 13, what is -77 + -2?
-79
In base 9, what is 2 - -1318?
1321
In base 3, what is 10 - -2222?
10002
In base 15, what is -4b7 - 1a?
-4d2
In base 13, what is 1428 + 0?
1428
In base 9, what is -33 + 11?
-22
In base 2, what is 11 + 1001?
1100
In base 15, what is -44 + -c?
-51
In base 12, what is -a - -19?
b
In base 11, what is 27 - -22?
49
In base 6, what is 20 + 5?
25
In base 9, what is 1 + -410?
-408
In base 14, what is -a8 - -5?
-a3
In base 3, what is 10000 - -10?
10010
In base 5, what is -21 + 41?
20
In base 16, what is -5 + -179?
-17e
In base 5, what is -20 + 23?
3
In base 6, what is -1404 - -14?
-1350
In base 6, what is 2 + -452?
-450
In base 16, what is -4 - -9e7?
9e3
In base 11, what is -12 + 1a?
8
In base 16, what is 2 - -5f?
61
In base 11, what is 2 + 1480?
1482
In base 6, what is 311 + -34?
233
In base 5, what is -13 + 1?
-12
In base 8, what is 24 + -14?
10
In base 16, what is 2 + 1296?
1298
In base 13, what is 267 + -3?
264
In base 10, what is -373 - 3?
-376
In base 16, what is 2 - 59?
-57
In base 3, what is -11220 + 201?
-11012
In base 8, what is -2201 - -3?
-2176
In base 3, what is -11 + -1012?
-1100
In base 7, what is -20 - -35?
15
In base 9, what is 5 + -114?
-108
In base 16, what is -178 - -2?
-176
In base 7, what is -14 - -22?
5
In base 8, what is -4 - 735?
-741
In base 6, what is 14523 - -3?
14530
In base 2, what is 0 - -1101101100?
1101101100
In base 15, what is e97 - -2?
e99
In base 8, what is 367 + 6?
375
In base 11, what is 1 - -5a?
60
In base 2, what is 110111000001 - 110?
110110111011
In base 5, what is 20 + -2?
13
In base 13, what is 5 - 137?
-132
In base 5, what is 0 + -102?
-102
In base 6, what is 113 - -4?
121
In base 7, what is -1 - -34?
33
In base 11, what is -6a6 + 6?
-6a0
In base 10, what is 992 + 0?
992
In base 8, what is 1 + -2173?
-2172
In base 9, what is 17 - -22?
40
In base 3, what is 1220 - 1221?
-1
In base 8, what is -25 - -227?
202
In base 13, what is 8718 + -5?
8713
In base 14, what is -186 + 0?
-186
In base 9, what is 144 + -147?
-3
In base 2, what is -110001 - 100110?
-1010111
In base 11, what is 76 + -4?
72
In base 3, what is -10 - 11020?
-11100
In base 6, what is -153 + -402?
-555
In base 9, what is 58 + -12?
46
In base 12, what is 47 - -4?
4b
In base 2, what is 1000 + -1101110001?
-1101101001
In base 14, what is 9 + 53?
5c
In base 14, what is -9 + -2b?
-36
In base 10, what is 5833 - 3?
5830
In base 11, what is 2609 - -2?
2610
In base 11, what is -52 - 1a?
-71
In base 8, what is -5 + -14532?
-14537
In base 11, what is 11 - -4?
15
In base 15, what is b6 + -a?
ab
In base 14, what is -5d29 - 1?
-5d2a
In base 16, what is -4 - 148?
-14c
In base 16, what is -a + 99?
8f
In base 6, what is -1 - -4?
3
In base 9, what is -4 - 15?
-20
In base 9, what is 304 + 1?
305
In base 5, what is 1 - -122?
123
In base 7, what is 543 - 0?
543
In base 8, what is -2245 + -1?
-2246
In base 7, what is -1012 - 41?
-1053
In base 16, what is -2 - 1a?
-1c
In base 15, what is 5 + 44?
49
In base 3, what is 2020102 - -2?
2020111
In base 3, wha